7489391?
11, 43, 184967
What are the prime factors of 540099673?
17, 61, 30637
What are the prime factors of 245182076?
2, 61295519
What are the prime factors of 75700839?
3, 71, 131, 2713
List the prime factors of 231144703.
29, 7970507
What are the prime factors of 1978793363?
1439, 1375117
List the prime factors of 78865883.
78865883
List the prime factors of 1266806009.
7, 83, 2180389
What are the prime factors of 91124882?
2, 463, 98407
List the prime factors of 38753995.
5, 7, 467, 2371
List the prime factors of 661853689.
7, 29, 31, 105173
What are the prime factors of 46387565?
5, 7, 189337
What are the prime factors of 553183588?
2, 138295897
List the prime factors of 154653062.
2, 569, 135899
What are the prime factors of 1237301655?
3, 5, 1871, 44087
List the prime factors of 6842299940.
2, 5, 7, 389, 125639
What are the prime factors of 335169986?
2, 53, 109, 29009
What are the prime factors of 1117932825?
3, 5, 23, 307, 2111
What are the prime factors of 192298666?
2, 7, 43, 319433
List the prime factors of 191416552.
2, 23927069
What are the prime factors of 518622950?
2, 5, 29, 357671
What are the prime factors of 119421594?
2, 3, 29, 76259
What are the prime factors of 2669371465?
5, 19, 28098647
What are the prime factors of 598591097?
13, 17, 2708557
List the prime factors of 335558425.
5, 71, 79, 2393
What are the prime factors of 4623286?
2, 17, 135979
List the prime factors of 24837015.
3, 5, 7, 43, 5501
What are the prime factors of 491510188?
2, 13, 17, 556007
List the prime factors of 2129320564.
2, 7, 76047163
What are the prime factors of 33816058?
2, 1117, 15137
List the prime factors of 904487492.
2, 226121873
What are the prime factors of 26396465?
5, 521, 10133
List the prime factors of 201167685.
3, 5, 113, 13187
List the prime factors of 116400800.
2, 5, 145501
What are the prime factors of 1037869625?
5, 13, 638689
What are the prime factors of 3889862796?
2, 3, 324155233
List the prime factors of 76520251.
76520251
List the prime factors of 2885736791.
7, 17, 23, 45841
What are the prime factors of 5318118370?
2, 5, 373, 1425769
List the prime factors of 341179913.
4253, 80221
List the prime factors of 73877392.
2, 4617337
What are the prime factors of 118330706?
2, 13, 4551181
What are the prime factors of 58663712?
2, 313, 5857
List the prime factors of 45309887.
7, 131, 49411
What are the prime factors of 176130123?
3, 13, 4516157
What are the prime factors of 381581052?
2, 3, 3361, 9461
What are the prime factors of 16722733?
31, 257, 2099
List the prime factors of 36914399.
36914399
List the prime factors of 2545782775.
5, 31, 857, 3833
What are the prime factors of 1024621913?
7, 11399, 12841
What are the prime factors of 77226944?
2, 19, 41, 1549
List the prime factors of 68157013.
79, 191, 4517
What are the prime factors of 6452867118?
2, 3, 37, 29066969
List the prime factors of 714243377.
2789, 256093
List the prime factors of 275002264.
2, 47, 731389
List the prime factors of 40598907.
3, 17, 431, 1847
What are the prime factors of 151857534?
2, 3, 25309589
What are the prime factors of 3056154846?
2, 3, 509359141
What are the prime factors of 835571298?
2, 3, 2731, 50993
List the prime factors of 356671391.
47, 569, 13337
List the prime factors of 22645601.
11, 2058691
What are the prime factors of 46031385?
3, 5, 83, 36973
List the prime factors of 45660567.
3, 67, 227167
List the prime factors of 141430987.
141430987
What are the prime factors of 2627767103?
13, 809, 249859
What are the prime factors of 271407937?
71, 443, 8629
List the prime factors of 414508475.
5, 1231, 13469
What are the prime factors of 77341900?
2, 5, 31, 61, 409
List the prime factors of 1397276065.
5, 61, 4581233
List the prime factors of 140710516.
2, 59, 596231
List the prime factors of 758625987.
3, 7, 5160721
List the prime factors of 291249819.
3, 7, 223, 20731
What are the prime factors of 82091720?
2, 5, 31, 239, 277
List the prime factors of 1656677011.
11, 150607001
What are the prime factors of 83307305?
5, 19, 673, 1303
List the prime factors of 4035650204.
2, 1008912551
List the prime factors of 12697988.
2, 3174497
List the prime factors of 4551422331.
3, 47, 199, 162209
What are the prime factors of 1312512497?
1312512497
What are the prime factors of 726691993?
19, 1559, 24533
List the prime factors of 278980098.
2, 3, 17, 31, 83, 1063
List the prime factors of 4097233541.
617, 701, 9473
List the prime factors of 126542618.
2, 179, 353471
What are the prime factors of 289778919?
3, 96592973
List the prime factors of 54321705.
3, 5, 402383
What are the prime factors of 132547204?
2, 33136801
List the prime factors of 7366102.
2, 743, 4957
What are the prime factors of 907567444?
2, 7, 32413123
What are the prime factors of 4924560165?
3, 5, 7, 43, 1090711
List the prime factors of 4522208271.
3, 7, 83, 31259
What are the prime factors of 121013983?
19, 991, 6427
What are the prime factors of 118184287?
13, 9091099
List the prime factors of 102090421.
102090421
What are the prime factors of 642476617?
127, 857, 5903
What are the prime factors of 1743786674?
2, 7, 19, 83, 4157
What are the prime factors of 2268514112?
2, 35445533
What are the prime factors of 106359515?
5, 21271903
List the prime factors of 638075966.
2, 11, 3121, 9293
What are the prime factors of 2571017027?
23, 641, 174389
List the prime factors of 67627798.
2, 7, 547, 8831
What are the prime factors of 121637739?
3, 47, 479, 1801
What are the prime factors of 232229183?
23, 10096921
What are the prime factors of 47453165?
5, 19, 499507
What are the prime factors of 931086035?
5, 11, 29, 583753
What are the prime factors of 129172395?
3, 5, 11, 53, 14771
List the prime factors of 600356438.
2, 11, 27288929
List the prime factors of 1576306986.
2, 3, 43, 6109717
What are the prime factors of 665684115?
3, 5, 44378941
List the prime factors of 197755832.
2, 17, 73, 19919
What are the prime factors of 219595239?
3, 17, 478421
List the prime factors of 1437319211.
1437319211
What are the prime factors of 83153127?
3, 2939, 9431
List the prime factors of 44019276.
2, 3, 7, 19, 27581
List the prime factors of 37775384.
2, 23, 239, 859
What are the prime factors of 1703008472?
2, 11, 37, 41, 12757
What are the prime factors of 34562184?
2, 3, 79, 18229
What are the prime factors of 217956377?
217956377
What are the prime factors of 434228693?
83, 5231671
List the prime factors of 81177510.
2, 3, 5, 59, 45863
What are the prime factors of 84031698?
2, 3, 617, 22699
List the prime factors of 1723604526.
2, 3, 7, 31, 241, 1831
What are the prime factors of 871689861?
3, 7, 73, 27077
What are the prime factors of 49196361?
3, 2063, 7949
List the prime factors of 872107774.
2, 436053887
What are the prime factors of 1292681130?
2, 3, 5, 13, 53, 62539
What are the prime factors of 739128100?
2, 5, 101, 73181
What are the prime factors of 119144986?
2, 1367, 43579
What are the prime factors of 2553041754?
2, 3, 15759517
List the prime factors of 159721786.
2, 7, 241, 47339
What are the prime factors of 83111807?
83111807
List the prime factors of 1859149456.
2, 116196841
List the prime factors of 538716540.
2, 3, 5, 131, 68539
List the prime factors of 570225740.
2, 5, 7, 581863
What are the prime factors of 2402230200?
2, 3, 5, 4003717
List the prime factors of 327412158.
2, 3, 607, 89899
List the prime factors of 8910838.
2, 653, 6823
List the prime factors of 744175818.
2, 3, 41343101
What are the prime factors of 16260593?
523, 31091
What are the prime factors of 596809846?
2, 298404923
List the prime factors of 60012037.
23, 2609219
List the prime factors of 1370960472.
2, 3, 7, 8160479
What are the prime factors of 50636727?
3, 17, 139, 2381
List the prime factors of 366773331.
3, 41, 2981897
List the prime factors of 68127865.
5, 13, 883, 1187
What are the prime factors of 37457952?
2, 3, 7, 7963
List the prime factors of 100969050.
2, 3, 5, 7, 13, 569
What are the prime factors of 41466328?
2, 5183291
List the prime factors of 1138526616.
2, 3, 1979, 23971
List the prime factors of 72460407.
3, 41, 589109
List the prime factors of 29438526.
2, 3, 13, 17, 149
List the prime factors of 302232012.
2, 3, 19, 1325579
What are the prime factors of